factors of 1029632885?
5, 67, 101, 30431
List the prime factors of 1445227362.
2, 3, 19, 4225811
List the prime factors of 1622714071.
11, 67, 619, 3557
What are the prime factors of 1012195701?
3, 11, 2593, 3943
What are the prime factors of 395758095?
3, 5, 47, 561359
What are the prime factors of 26071969?
7, 11, 48371
List the prime factors of 73981831.
7, 11, 960803
What are the prime factors of 51744409?
61, 848269
List the prime factors of 2047290103.
277, 2239, 3301
List the prime factors of 92377584.
2, 3, 13, 5483
List the prime factors of 1484794642.
2, 5407, 137303
What are the prime factors of 770765748?
2, 3, 131, 490309
List the prime factors of 1538461.
1538461
What are the prime factors of 196861487?
71, 2772697
What are the prime factors of 131100037?
547, 239671
List the prime factors of 615133872.
2, 3, 1423921
What are the prime factors of 5611863246?
2, 3, 11, 4639, 18329
What are the prime factors of 121794223?
23, 1993, 2657
List the prime factors of 24528863.
631, 38873
What are the prime factors of 594462064?
2, 7, 5307697
List the prime factors of 2361785021.
1709, 1381969
What are the prime factors of 78112234?
2, 109, 358313
List the prime factors of 125365865.
5, 25073173
List the prime factors of 470304139.
53, 8873663
List the prime factors of 37272735.
3, 5, 97, 8539
What are the prime factors of 2451703506?
2, 3, 7, 58373893
What are the prime factors of 195939602?
2, 29, 317, 10657
What are the prime factors of 221718261?
3, 73906087
List the prime factors of 2728093846.
2, 1364046923
List the prime factors of 13552548.
2, 3, 19, 59441
List the prime factors of 823556632.
2, 211, 487889
List the prime factors of 2023817735.
5, 404763547
What are the prime factors of 5454513?
3, 269, 751
List the prime factors of 62995151.
157, 401243
List the prime factors of 3166028694.
2, 3, 17, 347, 3313
What are the prime factors of 1051395685?
5, 17, 19, 651019
List the prime factors of 4985661503.
19, 313, 838349
List the prime factors of 1719400584.
2, 3, 11, 1627, 4003
List the prime factors of 6885137403.
3, 10177, 25057
What are the prime factors of 189229402?
2, 59, 251, 6389
List the prime factors of 219283753.
13, 1297537
What are the prime factors of 5381063636?
2, 13, 83, 347, 3593
What are the prime factors of 1619871338?
2, 10687, 75787
What are the prime factors of 315025988?
2, 419, 187963
List the prime factors of 170427478.
2, 13, 829, 7907
List the prime factors of 88321322.
2, 44160661
List the prime factors of 600399634.
2, 709, 423413
List the prime factors of 1803069889.
23, 78394343
List the prime factors of 70162002.
2, 3, 3897889
List the prime factors of 30927764.
2, 7, 73, 15131
List the prime factors of 44948454.
2, 3, 181, 41389
What are the prime factors of 206968478?
2, 103484239
What are the prime factors of 290289566?
2, 7, 20734969
What are the prime factors of 752990197?
17, 19, 613, 3803
List the prime factors of 2275980123.
3, 47, 2089, 7727
List the prime factors of 38421109.
23, 701, 2383
List the prime factors of 5293980.
2, 3, 5, 29411
What are the prime factors of 759457105?
5, 11, 1255301
What are the prime factors of 511204730?
2, 5, 349, 146477
What are the prime factors of 335692062?
2, 3, 157, 118787
List the prime factors of 6843594.
2, 3, 29, 37, 1063
What are the prime factors of 3965384?
2, 23, 937
What are the prime factors of 4188538?
2, 263, 7963
List the prime factors of 561185426.
2, 280592713
What are the prime factors of 162634261?
162634261
List the prime factors of 52684950.
2, 3, 5, 23, 15271
What are the prime factors of 564414577?
564414577
List the prime factors of 7011650645.
5, 337, 937, 4441
List the prime factors of 100441016.
2, 13, 965779
List the prime factors of 14064468.
2, 3, 11, 47, 2267
List the prime factors of 13474646.
2, 31, 217333
What are the prime factors of 1330028827?
29, 45863063
What are the prime factors of 518766388?
2, 7, 107, 347, 499
List the prime factors of 2293465932.
2, 3, 31, 443, 4639
List the prime factors of 275129389.
2659, 103471
List the prime factors of 47184768.
2, 3, 37, 41
What are the prime factors of 681923961?
3, 173, 145991
List the prime factors of 130584809.
67, 73, 26699
What are the prime factors of 188251570?
2, 5, 13, 337, 4297
What are the prime factors of 1133085428?
2, 17, 1103, 15107
What are the prime factors of 1622904?
2, 3, 19, 3559
What are the prime factors of 899241724?
2, 17, 13224143
What are the prime factors of 868699330?
2, 5, 43, 2020231
List the prime factors of 305341102.
2, 11, 13879141
List the prime factors of 1675927876.
2, 7, 37, 1617691
List the prime factors of 739201.
739201
What are the prime factors of 58379321?
7, 11, 13, 58321
List the prime factors of 846758440.
2, 5, 11, 17, 6659
List the prime factors of 2867970589.
11, 59, 953, 4637
What are the prime factors of 48910443?
3, 23, 29, 24443
What are the prime factors of 604348527?
3, 201449509
What are the prime factors of 49239339?
3, 89, 184417
List the prime factors of 158492230.
2, 5, 13, 101, 12071
List the prime factors of 404841679.
11, 31, 37, 2917
What are the prime factors of 902798599?
23, 149, 263437
List the prime factors of 1451049974.
2, 11, 29, 167, 13619
What are the prime factors of 67849856?
2, 17, 31181
List the prime factors of 1372388.
2, 43, 79, 101
List the prime factors of 124520478.
2, 3, 17, 131, 9319
List the prime factors of 5723752206.
2, 3, 239, 547, 7297
List the prime factors of 1103680757.
24049, 45893
List the prime factors of 31433902.
2, 59, 487, 547
What are the prime factors of 4670869820?
2, 5, 31, 83, 139, 653
List the prime factors of 58504399.
383, 152753
List the prime factors of 895212134.
2, 447606067
What are the prime factors of 3096885630?
2, 3, 5, 5273, 19577
What are the prime factors of 83477472?
2, 3, 13, 66889
What are the prime factors of 348445978?
2, 19, 9169631
What are the prime factors of 120617248?
2, 107, 35227
What are the prime factors of 657947566?
2, 17, 19351399
What are the prime factors of 88671628?
2, 22167907
List the prime factors of 2349853.
11, 213623
What are the prime factors of 1051764541?
439, 827, 2897
What are the prime factors of 60146419?
19, 3165601
List the prime factors of 23783243.
11, 2162113
List the prime factors of 2422064209.
2591, 934799
List the prime factors of 87966056.
2, 83, 137, 967
What are the prime factors of 1633761009?
3, 97, 269, 773
List the prime factors of 935905257.
3, 7, 929, 15991
List the prime factors of 505854289.
505854289
List the prime factors of 400918506.
2, 3, 19, 439, 8011
List the prime factors of 37410283.
829, 45127
What are the prime factors of 188880131?
11, 17170921
List the prime factors of 59057981.
113, 522637
What are the prime factors of 1417946848?
2, 239, 185401
What are the prime factors of 37210328?
2, 4651291
List the prime factors of 5880076.
2, 47, 31277
List the prime factors of 42083815.
5, 59, 142657
What are the prime factors of 20235451?
101, 200351
List the prime factors of 56817693.
3, 701453
List the prime factors of 7346429134.
2, 11, 757, 441121
List the prime factors of 239736082.
2, 31, 97, 39863
What are the prime factors of 2459058698?
2, 19, 64712071
List the prime factors of 2002876985.
5, 31, 71, 181997
List the prime factors of 26175779.
7, 3739397
List the prime factors of 18451889.
18451889
List the prime factors of 6865736492.
2, 1716434123
What are the prime factors of 31350215?
5, 13, 73, 6607
What are the prime factors of 109125462?
2, 3, 61, 298157
List the prime factors of 93504433.
11, 8500403
List the prime factors of 61723779.
3, 13, 71, 22291
What are the prime factors of 61032222?
2, 3, 43, 78853
List the prime factors of 32335446.
2, 3, 11, 13, 223
What are the prime factors of 65437523?
2399, 27277
What are the prime factors of 31759981?
11, 151, 19121
What are the prime factors of 26941489?
1409, 19121
List the prime factors of 38975963.
13, 167, 1381
List the prime factors of 562562954.
2, 67, 1847, 2273
What are the prime factors of 42285202?
2, 53, 398917
What are the prime factors of 2137495645?
5, 89, 4803361
What are the prime factors of 20816545?
5, 53, 78553
What are the prime factors of 472912575?
3, 5, 6305501
List the prime factors of 22563